{"id":36694,"date":"2021-02-22T09:53:25","date_gmt":"2021-02-22T08:53:25","guid":{"rendered":"https:\/\/mascalagrimas.es\/dev-msi_old\/?page_id=36694"},"modified":"2023-10-31T12:20:20","modified_gmt":"2023-10-31T11:20:20","slug":"consultoria-bim-blog","status":"publish","type":"page","link":"https:\/\/mascalagrimas.es\/dev-msi_old\/consultoria-bim-blog\/","title":{"rendered":"Consultoria BIM"},"content":{"rendered":"\t\t<div data-elementor-type=\"wp-page\" data-elementor-id=\"36694\" class=\"elementor elementor-36694\" data-elementor-post-type=\"page\">\n\t\t\t\t\t\t<section class=\"elementor-section elementor-top-section elementor-element elementor-element-3676f36 elementor-section-boxed elementor-section-height-default elementor-section-height-default\" data-id=\"3676f36\" data-element_type=\"section\" data-settings=\"{&quot;background_background&quot;:&quot;classic&quot;}\">\n\t\t\t\t\t\t\t<div class=\"elementor-background-overlay\"><\/div>\n\t\t\t\t\t\t\t<div class=\"elementor-container elementor-column-gap-default\">\n\t\t\t\t\t<div class=\"elementor-column elementor-col-100 elementor-top-column elementor-element elementor-element-3bba5c0\" data-id=\"3bba5c0\" data-element_type=\"column\">\n\t\t\t<div class=\"elementor-widget-wrap elementor-element-populated\">\n\t\t\t\t\t\t<div class=\"elementor-element elementor-element-08e7360 elementor-widget elementor-widget-heading\" data-id=\"08e7360\" data-element_type=\"widget\" data-widget_type=\"heading.default\">\n\t\t\t\t<div class=\"elementor-widget-container\">\n\t\t\t<style>\/*! elementor - v3.21.0 - 08-05-2024 *\/\n.elementor-heading-title{padding:0;margin:0;line-height:1}.elementor-widget-heading .elementor-heading-title[class*=elementor-size-]>a{color:inherit;font-size:inherit;line-height:inherit}.elementor-widget-heading .elementor-heading-title.elementor-size-small{font-size:15px}.elementor-widget-heading .elementor-heading-title.elementor-size-medium{font-size:19px}.elementor-widget-heading .elementor-heading-title.elementor-size-large{font-size:29px}.elementor-widget-heading .elementor-heading-title.elementor-size-xl{font-size:39px}.elementor-widget-heading .elementor-heading-title.elementor-size-xxl{font-size:59px}<\/style><h1 class=\"elementor-heading-title elementor-size-default\">CONSULTOR\u00cdA BIM<\/h1>\t\t<\/div>\n\t\t\t\t<\/div>\n\t\t\t\t<div class=\"elementor-element elementor-element-358eba0 elementor-widget-divider--view-line elementor-widget elementor-widget-divider\" data-id=\"358eba0\" data-element_type=\"widget\" data-widget_type=\"divider.default\">\n\t\t\t\t<div class=\"elementor-widget-container\">\n\t\t\t<style>\/*! elementor - v3.21.0 - 08-05-2024 *\/\n.elementor-widget-divider{--divider-border-style:none;--divider-border-width:1px;--divider-color:#0c0d0e;--divider-icon-size:20px;--divider-element-spacing:10px;--divider-pattern-height:24px;--divider-pattern-size:20px;--divider-pattern-url:none;--divider-pattern-repeat:repeat-x}.elementor-widget-divider .elementor-divider{display:flex}.elementor-widget-divider .elementor-divider__text{font-size:15px;line-height:1;max-width:95%}.elementor-widget-divider .elementor-divider__element{margin:0 var(--divider-element-spacing);flex-shrink:0}.elementor-widget-divider .elementor-icon{font-size:var(--divider-icon-size)}.elementor-widget-divider .elementor-divider-separator{display:flex;margin:0;direction:ltr}.elementor-widget-divider--view-line_icon .elementor-divider-separator,.elementor-widget-divider--view-line_text .elementor-divider-separator{align-items:center}.elementor-widget-divider--view-line_icon .elementor-divider-separator:after,.elementor-widget-divider--view-line_icon .elementor-divider-separator:before,.elementor-widget-divider--view-line_text .elementor-divider-separator:after,.elementor-widget-divider--view-line_text .elementor-divider-separator:before{display:block;content:\"\";border-block-end:0;flex-grow:1;border-block-start:var(--divider-border-width) var(--divider-border-style) var(--divider-color)}.elementor-widget-divider--element-align-left .elementor-divider .elementor-divider-separator>.elementor-divider__svg:first-of-type{flex-grow:0;flex-shrink:100}.elementor-widget-divider--element-align-left .elementor-divider-separator:before{content:none}.elementor-widget-divider--element-align-left .elementor-divider__element{margin-left:0}.elementor-widget-divider--element-align-right .elementor-divider .elementor-divider-separator>.elementor-divider__svg:last-of-type{flex-grow:0;flex-shrink:100}.elementor-widget-divider--element-align-right .elementor-divider-separator:after{content:none}.elementor-widget-divider--element-align-right .elementor-divider__element{margin-right:0}.elementor-widget-divider--element-align-start .elementor-divider .elementor-divider-separator>.elementor-divider__svg:first-of-type{flex-grow:0;flex-shrink:100}.elementor-widget-divider--element-align-start .elementor-divider-separator:before{content:none}.elementor-widget-divider--element-align-start .elementor-divider__element{margin-inline-start:0}.elementor-widget-divider--element-align-end .elementor-divider .elementor-divider-separator>.elementor-divider__svg:last-of-type{flex-grow:0;flex-shrink:100}.elementor-widget-divider--element-align-end .elementor-divider-separator:after{content:none}.elementor-widget-divider--element-align-end .elementor-divider__element{margin-inline-end:0}.elementor-widget-divider:not(.elementor-widget-divider--view-line_text):not(.elementor-widget-divider--view-line_icon) .elementor-divider-separator{border-block-start:var(--divider-border-width) var(--divider-border-style) var(--divider-color)}.elementor-widget-divider--separator-type-pattern{--divider-border-style:none}.elementor-widget-divider--separator-type-pattern.elementor-widget-divider--view-line .elementor-divider-separator,.elementor-widget-divider--separator-type-pattern:not(.elementor-widget-divider--view-line) .elementor-divider-separator:after,.elementor-widget-divider--separator-type-pattern:not(.elementor-widget-divider--view-line) .elementor-divider-separator:before,.elementor-widget-divider--separator-type-pattern:not([class*=elementor-widget-divider--view]) .elementor-divider-separator{width:100%;min-height:var(--divider-pattern-height);-webkit-mask-size:var(--divider-pattern-size) 100%;mask-size:var(--divider-pattern-size) 100%;-webkit-mask-repeat:var(--divider-pattern-repeat);mask-repeat:var(--divider-pattern-repeat);background-color:var(--divider-color);-webkit-mask-image:var(--divider-pattern-url);mask-image:var(--divider-pattern-url)}.elementor-widget-divider--no-spacing{--divider-pattern-size:auto}.elementor-widget-divider--bg-round{--divider-pattern-repeat:round}.rtl .elementor-widget-divider .elementor-divider__text{direction:rtl}.e-con-inner>.elementor-widget-divider,.e-con>.elementor-widget-divider{width:var(--container-widget-width,100%);--flex-grow:var(--container-widget-flex-grow)}<\/style>\t\t<div class=\"elementor-divider\">\n\t\t\t<span class=\"elementor-divider-separator\">\n\t\t\t\t\t\t<\/span>\n\t\t<\/div>\n\t\t\t\t<\/div>\n\t\t\t\t<\/div>\n\t\t\t\t\t<\/div>\n\t\t<\/div>\n\t\t\t\t\t<\/div>\n\t\t<\/section>\n\t\t\t\t<section class=\"elementor-section elementor-top-section elementor-element elementor-element-b272cd3 elementor-section-boxed elementor-section-height-default elementor-section-height-default\" data-id=\"b272cd3\" data-element_type=\"section\">\n\t\t\t\t\t\t<div class=\"elementor-container elementor-column-gap-default\">\n\t\t\t\t\t<div class=\"elementor-column elementor-col-100 elementor-top-column elementor-element elementor-element-b3c24a3\" data-id=\"b3c24a3\" data-element_type=\"column\">\n\t\t\t<div class=\"elementor-widget-wrap elementor-element-populated\">\n\t\t\t\t\t\t<section class=\"elementor-section elementor-inner-section elementor-element elementor-element-a816c35 elementor-section-boxed elementor-section-height-default elementor-section-height-default\" data-id=\"a816c35\" data-element_type=\"section\">\n\t\t\t\t\t\t<div class=\"elementor-container elementor-column-gap-default\">\n\t\t\t\t\t<div class=\"elementor-column elementor-col-100 elementor-inner-column elementor-element elementor-element-0ff25e2\" data-id=\"0ff25e2\" data-element_type=\"column\">\n\t\t\t<div class=\"elementor-widget-wrap elementor-element-populated\">\n\t\t\t\t\t\t<div class=\"elementor-element elementor-element-bb90456 btn-filtro elementor-widget elementor-widget-pd-pcf\" data-id=\"bb90456\" data-element_type=\"widget\" data-widget_type=\"pd-pcf.default\">\n\t\t\t\t<div class=\"elementor-widget-container\">\n\t\t\t<div\r\n\t        \t\tclass=\"pd-pcf-container pd-pcf-column-type-default\"\r\n\t        \t\tid=\"wbel_pd_pcf_pd_pcfbb90456\"\r\n\t        \t\tdata-columns_per_row=\"3\"\r\n\t        \t\tdata-post_types=\"post\"\r\n\t        \t\tdata-tax_query=\"{&quot;0&quot;:{&quot;taxonomy&quot;:&quot;category&quot;,&quot;field&quot;:&quot;term_id&quot;,&quot;terms&quot;:[&quot;5&quot;]},&quot;relation&quot;:&quot;OR&quot;}\"\r\n\t        \t\tdata-posts_per_page=\"9\"\r\n\t        \t\tdata-settings=\"{&quot;category_ids&quot;:[&quot;5&quot;],&quot;template_style&quot;:&quot;default&quot;,&quot;columns_per_row&quot;:3,&quot;read_more_text&quot;:&quot;leer m\\u00e1s&quot;,&quot;post_types&quot;:&quot;post&quot;,&quot;posts_per_page&quot;:9,&quot;thumbnail_size_size&quot;:&quot;medium&quot;,&quot;thumbnail_size_custom_dimension&quot;:null,&quot;display_image&quot;:&quot;yes&quot;,&quot;id&quot;:&quot;pd_pcfbb90456&quot;}\"\r\n\t        \t>\t\r\n\t        \t<div class=\"wbel-pd-pcf-category-container pd-pcf-filter-button-group\">\r\n\t        \t\t\t\t\t\t\t  <a href=\"#\" class=\"pd-pcf-filter-btn\" data-filter=\"*\">Show All<\/a>\r\n\t\t\t\t\t    \t\t\t\t\t\t\t\t\t<a href=\"#\" class=\"pd-pcf-filter-btn\" data-filter=\".consultoria-5\">Consultor\u00eda<\/a>\r\n\t\t\t\t\t\t\t  \t\r\n\t        \t<\/div>\r\n\t        <div\r\n\t\t        \t\tclass=\"wbel_pd_pcf_wrapper wbel_pd_pcf_default\"\r\n\t\t        \t><div class=\"pd_pcf_item pd-pcf-col-3 consultoria-5 noticias-215 \">\r\n\t<div class=\"pd_pcf_single_item\">\r\n\t\t\t<div class=\"pd_pcf_thumbnail\">\r\n\t\t\t<a href=\"https:\/\/mascalagrimas.es\/dev-msi_old\/fase-2-gediav-h20\/\">\r\n\t\t\t\t<img decoding=\"async\" src=\"https:\/\/mascalagrimas.es\/dev-msi_old\/wp-content\/uploads\/2023\/11\/fase2.Gediavh-h20-300x169.webp\" title=\"fase2.Gediavh h20\" alt=\"fase2.Gediavh h20\" \/>\t\t\t<\/a>\r\n\t\t<\/div>\r\n\t\t\t<div class=\"pd_pcf_content\">\r\n\r\n\t\t\t<div class=\"pd_pcf_title\">\r\n\t\t\t\t<h2><a href=\"https:\/\/mascalagrimas.es\/dev-msi_old\/fase-2-gediav-h20\/\">Fase 2. GEDIAV-H20: Desarrollo de gemelos digitales avanzados y su aplicaci\u00f3n mediante el uso de IA a la gesti\u00f3n de recursos h\u00eddricos<\/a><\/h2>\r\n\t\t\t<\/div>\r\n\r\n\t\t\t<div class=\"pd_pcf_description\">\r\n\r\n\t\t\t\t<div class=\"pd_pcf_text\"><p>Continuando con nuestra voluntad de liderar la innovaci\u00f3n en la transformaci\u00f3n digital de la gesti\u00f3n de recursos h\u00eddricos, MSI Digital Builders avanza, junto con Elliot Cloud y coordinado por Smart City Cluster, con el desarrollo de la segunda fase del&hellip;<\/p>\n<\/div>\r\n\r\n\t\t\t\t\t\t\t\t\t<div class=\"pd_pcf_readmore\">\r\n\t\t\t\t\t\t<a class=\"pd_pcf_readmore_link\" href=\"https:\/\/mascalagrimas.es\/dev-msi_old\/fase-2-gediav-h20\/\">leer m\u00e1s<\/a>\r\n\t\t\t\t\t<\/div>\r\n\t\t\t\t\t\t\t<\/div>\r\n\t\t\r\n\t\t<\/div>\r\n\t<\/div>\r\n<\/div><div class=\"pd_pcf_item pd-pcf-col-3 bim-11 consultoria-5 consultoria-bim-139 familia-304 familia-anidada-328 informacion-195 parametros-58 revit-22 \">\r\n\t<div class=\"pd_pcf_single_item\">\r\n\t\t\t<div class=\"pd_pcf_thumbnail\">\r\n\t\t\t<a href=\"https:\/\/mascalagrimas.es\/dev-msi_old\/como-gestionar-la-informacion-en-familias-anidadas\/\">\r\n\t\t\t\t<img decoding=\"async\" src=\"https:\/\/mascalagrimas.es\/dev-msi_old\/wp-content\/uploads\/2022\/02\/portada-stieger-300x300.jpg\" title=\"portada stieger\" alt=\"portada stieger\" \/>\t\t\t<\/a>\r\n\t\t<\/div>\r\n\t\t\t<div class=\"pd_pcf_content\">\r\n\r\n\t\t\t<div class=\"pd_pcf_title\">\r\n\t\t\t\t<h2><a href=\"https:\/\/mascalagrimas.es\/dev-msi_old\/como-gestionar-la-informacion-en-familias-anidadas\/\">\u00bfC\u00d3MO GESTIONAR LA INFORMACI\u00d3N EN FAMILIAS ANIDADAS?<\/a><\/h2>\r\n\t\t\t<\/div>\r\n\r\n\t\t\t<div class=\"pd_pcf_description\">\r\n\r\n\t\t\t\t<div class=\"pd_pcf_text\"><p>En la gran mayor\u00eda de proyectos realizados bajo metodolog\u00eda BIM y en Revit no s\u00f3lo es suficiente con desarrollar el modelo geom\u00e9trico, sino que tambi\u00e9n es necesario generar documentaci\u00f3n gr\u00e1fica o tablas de planificaci\u00f3n que muestren la informaci\u00f3n que contiene&hellip;<\/p>\n<\/div>\r\n\r\n\t\t\t\t\t\t\t\t\t<div class=\"pd_pcf_readmore\">\r\n\t\t\t\t\t\t<a class=\"pd_pcf_readmore_link\" href=\"https:\/\/mascalagrimas.es\/dev-msi_old\/como-gestionar-la-informacion-en-familias-anidadas\/\">leer m\u00e1s<\/a>\r\n\t\t\t\t\t<\/div>\r\n\t\t\t\t\t\t\t<\/div>\r\n\t\t\r\n\t\t<\/div>\r\n\t<\/div>\r\n<\/div><div class=\"pd_pcf_item pd-pcf-col-3 bim-11 cambio-324 consultoria-5 consultoria-bim-139 estrategia-238 gestion-42 implantacion-323 \">\r\n\t<div class=\"pd_pcf_single_item\">\r\n\t\t\t<div class=\"pd_pcf_thumbnail\">\r\n\t\t\t<a href=\"https:\/\/mascalagrimas.es\/dev-msi_old\/la-gestion-del-cambio-en-estrategias-de-implantacion-bim\/\">\r\n\t\t\t\t<img decoding=\"async\" src=\"https:\/\/mascalagrimas.es\/dev-msi_old\/wp-content\/uploads\/2022\/01\/portada-alberto-300x300.jpg\" title=\"portada alberto\" alt=\"portada alberto\" \/>\t\t\t<\/a>\r\n\t\t<\/div>\r\n\t\t\t<div class=\"pd_pcf_content\">\r\n\r\n\t\t\t<div class=\"pd_pcf_title\">\r\n\t\t\t\t<h2><a href=\"https:\/\/mascalagrimas.es\/dev-msi_old\/la-gestion-del-cambio-en-estrategias-de-implantacion-bim\/\">La gesti\u00f3n del cambio en estrategias de implantaci\u00f3n BIM<\/a><\/h2>\r\n\t\t\t<\/div>\r\n\r\n\t\t\t<div class=\"pd_pcf_description\">\r\n\r\n\t\t\t\t<div class=\"pd_pcf_text\"><p>Durante el proceso de implementaci\u00f3n de la metodolog\u00eda BIM en grandes organizaciones suele ocurrir que se vean afectados varios departamentos o \u00e1reas, as\u00ed como los agentes y sus medios. En estos casos, es una pr\u00e1ctica habitual plantear la implantaci\u00f3n de&hellip;<\/p>\n<\/div>\r\n\r\n\t\t\t\t\t\t\t\t\t<div class=\"pd_pcf_readmore\">\r\n\t\t\t\t\t\t<a class=\"pd_pcf_readmore_link\" href=\"https:\/\/mascalagrimas.es\/dev-msi_old\/la-gestion-del-cambio-en-estrategias-de-implantacion-bim\/\">leer m\u00e1s<\/a>\r\n\t\t\t\t\t<\/div>\r\n\t\t\t\t\t\t\t<\/div>\r\n\t\t\r\n\t\t<\/div>\r\n\t<\/div>\r\n<\/div><div class=\"pd_pcf_item pd-pcf-col-3 bandeja-321 cabletray-322 consultoria-5 consultoria-bim-139 electrical-143 modeladomep-80 revit-22 \">\r\n\t<div class=\"pd_pcf_single_item\">\r\n\t\t\t<div class=\"pd_pcf_thumbnail\">\r\n\t\t\t<a href=\"https:\/\/mascalagrimas.es\/dev-msi_old\/modelado-mep-es-posible-modelar-bandejas-de-cables-verticalmente\/\">\r\n\t\t\t\t<img decoding=\"async\" src=\"https:\/\/mascalagrimas.es\/dev-msi_old\/wp-content\/uploads\/2022\/01\/portada-david-300x300.jpg\" title=\"portada david\" alt=\"portada david\" \/>\t\t\t<\/a>\r\n\t\t<\/div>\r\n\t\t\t<div class=\"pd_pcf_content\">\r\n\r\n\t\t\t<div class=\"pd_pcf_title\">\r\n\t\t\t\t<h2><a href=\"https:\/\/mascalagrimas.es\/dev-msi_old\/modelado-mep-es-posible-modelar-bandejas-de-cables-verticalmente\/\">Modelado MEP: \u00bfEs posible modelar bandejas de cables verticalmente?<\/a><\/h2>\r\n\t\t\t<\/div>\r\n\r\n\t\t\t<div class=\"pd_pcf_description\">\r\n\r\n\t\t\t\t<div class=\"pd_pcf_text\"><p>En modelos MEP, es bastante com\u00fan encontrar espacios en los cuales aparezcan bandejas de cables tanto en un plano horizontal como vertical. Revit nos proporciona una herramienta de modelado para representar estas geometr\u00edas. Pero, \u00bfQu\u00e9 dificultades encontramos cuando queremos representar&hellip;<\/p>\n<\/div>\r\n\r\n\t\t\t\t\t\t\t\t\t<div class=\"pd_pcf_readmore\">\r\n\t\t\t\t\t\t<a class=\"pd_pcf_readmore_link\" href=\"https:\/\/mascalagrimas.es\/dev-msi_old\/modelado-mep-es-posible-modelar-bandejas-de-cables-verticalmente\/\">leer m\u00e1s<\/a>\r\n\t\t\t\t\t<\/div>\r\n\t\t\t\t\t\t\t<\/div>\r\n\t\t\r\n\t\t<\/div>\r\n\t<\/div>\r\n<\/div><div class=\"pd_pcf_item pd-pcf-col-3 powerbi-185 bi-314 bim-11 business-intelligence-315 consultoria-5 consultoria-bim-139 dashboard-316 revit-22 \">\r\n\t<div class=\"pd_pcf_single_item\">\r\n\t\t\t<div class=\"pd_pcf_thumbnail\">\r\n\t\t\t<a href=\"https:\/\/mascalagrimas.es\/dev-msi_old\/como-aplicar-bi-a-bim\/\">\r\n\t\t\t\t<img decoding=\"async\" src=\"https:\/\/mascalagrimas.es\/dev-msi_old\/wp-content\/uploads\/2021\/12\/portada-ars-300x300.jpg\" title=\"portada ars\" alt=\"portada ars\" \/>\t\t\t<\/a>\r\n\t\t<\/div>\r\n\t\t\t<div class=\"pd_pcf_content\">\r\n\r\n\t\t\t<div class=\"pd_pcf_title\">\r\n\t\t\t\t<h2><a href=\"https:\/\/mascalagrimas.es\/dev-msi_old\/como-aplicar-bi-a-bim\/\">\u00bfC\u00f3mo aplicar BI a BIM?<\/a><\/h2>\r\n\t\t\t<\/div>\r\n\r\n\t\t\t<div class=\"pd_pcf_description\">\r\n\r\n\t\t\t\t<div class=\"pd_pcf_text\"><p>Ya no es ning\u00fan secreto que actualmente BIM (Building Information Modeling) forma parte de la gran mayor\u00eda de procesos constructivos que se dan alrededor del mundo y que cada vez son m\u00e1s profesionales del sector, los que deciden adoptar esta&hellip;<\/p>\n<\/div>\r\n\r\n\t\t\t\t\t\t\t\t\t<div class=\"pd_pcf_readmore\">\r\n\t\t\t\t\t\t<a class=\"pd_pcf_readmore_link\" href=\"https:\/\/mascalagrimas.es\/dev-msi_old\/como-aplicar-bi-a-bim\/\">leer m\u00e1s<\/a>\r\n\t\t\t\t\t<\/div>\r\n\t\t\t\t\t\t\t<\/div>\r\n\t\t\r\n\t\t<\/div>\r\n\t<\/div>\r\n<\/div><div class=\"pd_pcf_item pd-pcf-col-3 3d-coordination-311 bim-management-18 clash-detection-309 consultoria-5 consultoria-bim-139 coordinacion-3d-312 navisworks-13 soft-clash-310 \">\r\n\t<div class=\"pd_pcf_single_item\">\r\n\t\t\t<div class=\"pd_pcf_thumbnail\">\r\n\t\t\t<a href=\"https:\/\/mascalagrimas.es\/dev-msi_old\/soft-clashes-en-navisworks\/\">\r\n\t\t\t\t<img decoding=\"async\" src=\"https:\/\/mascalagrimas.es\/dev-msi_old\/wp-content\/uploads\/2021\/11\/portada-marcos-300x300.jpg\" title=\"portada marcos\" alt=\"portada marcos\" \/>\t\t\t<\/a>\r\n\t\t<\/div>\r\n\t\t\t<div class=\"pd_pcf_content\">\r\n\r\n\t\t\t<div class=\"pd_pcf_title\">\r\n\t\t\t\t<h2><a href=\"https:\/\/mascalagrimas.es\/dev-msi_old\/soft-clashes-en-navisworks\/\">Soft Clashes en Navisworks<\/a><\/h2>\r\n\t\t\t<\/div>\r\n\r\n\t\t\t<div class=\"pd_pcf_description\">\r\n\r\n\t\t\t\t<div class=\"pd_pcf_text\"><p>Todos sabemos que Navisworks es una herramienta que nos permite, entre otras cosas, analizar las colisiones detectadas en un proyecto. \u00bfPero sab\u00edais que cuando analizamos las colisiones no solemos sacarle ni un 70% del potencial al m\u00f3dulo Clash Detective? En&hellip;<\/p>\n<\/div>\r\n\r\n\t\t\t\t\t\t\t\t\t<div class=\"pd_pcf_readmore\">\r\n\t\t\t\t\t\t<a class=\"pd_pcf_readmore_link\" href=\"https:\/\/mascalagrimas.es\/dev-msi_old\/soft-clashes-en-navisworks\/\">leer m\u00e1s<\/a>\r\n\t\t\t\t\t<\/div>\r\n\t\t\t\t\t\t\t<\/div>\r\n\t\t\r\n\t\t<\/div>\r\n\t<\/div>\r\n<\/div><div class=\"pd_pcf_item pd-pcf-col-3 anfitrion-305 bim-11 consultoria-5 consultoria-bim-139 dynamo-17 familia-304 revit-22 \">\r\n\t<div class=\"pd_pcf_single_item\">\r\n\t\t\t<div class=\"pd_pcf_thumbnail\">\r\n\t\t\t<a href=\"https:\/\/mascalagrimas.es\/dev-msi_old\/reemplazar-familias-con-anfitrion-mediante-dynamo\/\">\r\n\t\t\t\t<img decoding=\"async\" src=\"https:\/\/mascalagrimas.es\/dev-msi_old\/wp-content\/uploads\/2021\/11\/portada-alberto-300x300.jpg\" title=\"portada alberto\" alt=\"portada alberto\" \/>\t\t\t<\/a>\r\n\t\t<\/div>\r\n\t\t\t<div class=\"pd_pcf_content\">\r\n\r\n\t\t\t<div class=\"pd_pcf_title\">\r\n\t\t\t\t<h2><a href=\"https:\/\/mascalagrimas.es\/dev-msi_old\/reemplazar-familias-con-anfitrion-mediante-dynamo\/\">Reemplazar familias con anfitri\u00f3n mediante Dynamo<\/a><\/h2>\r\n\t\t\t<\/div>\r\n\r\n\t\t\t<div class=\"pd_pcf_description\">\r\n\r\n\t\t\t\t<div class=\"pd_pcf_text\"><p>Es com\u00fan que durante el desarrollo de proyectos mediante Revit se utilicen las herramientas de trabajo que nos proporciona el software. Una de las m\u00e1s comunes es el uso de anfitriones a la hora de colocar los distintos elementos que&hellip;<\/p>\n<\/div>\r\n\r\n\t\t\t\t\t\t\t\t\t<div class=\"pd_pcf_readmore\">\r\n\t\t\t\t\t\t<a class=\"pd_pcf_readmore_link\" href=\"https:\/\/mascalagrimas.es\/dev-msi_old\/reemplazar-familias-con-anfitrion-mediante-dynamo\/\">leer m\u00e1s<\/a>\r\n\t\t\t\t\t<\/div>\r\n\t\t\t\t\t\t\t<\/div>\r\n\t\t\r\n\t\t<\/div>\r\n\t<\/div>\r\n<\/div><div class=\"pd_pcf_item pd-pcf-col-3 cables-302 consultoria-5 consultoria-bim-139 electrical-143 electricidad-79 mep-14 revit-22 voltaje-303 \">\r\n\t<div class=\"pd_pcf_single_item\">\r\n\t\t\t<div class=\"pd_pcf_thumbnail\">\r\n\t\t\t<a href=\"https:\/\/mascalagrimas.es\/dev-msi_old\/como-configurar-un-sistema-de-distribucion-electrico\/\">\r\n\t\t\t\t<img decoding=\"async\" src=\"https:\/\/mascalagrimas.es\/dev-msi_old\/wp-content\/uploads\/2021\/10\/portada--300x300.jpg\" title=\"portada\" alt=\"portada\" \/>\t\t\t<\/a>\r\n\t\t<\/div>\r\n\t\t\t<div class=\"pd_pcf_content\">\r\n\r\n\t\t\t<div class=\"pd_pcf_title\">\r\n\t\t\t\t<h2><a href=\"https:\/\/mascalagrimas.es\/dev-msi_old\/como-configurar-un-sistema-de-distribucion-electrico\/\">\u00bfC\u00f3mo configurar un sistema de distribuci\u00f3n el\u00e9ctrico?<\/a><\/h2>\r\n\t\t\t<\/div>\r\n\r\n\t\t\t<div class=\"pd_pcf_description\">\r\n\r\n\t\t\t\t<div class=\"pd_pcf_text\"><p>En el blog de MSI Studio ya hemos hecho varias entradas relacionadas con la disciplina el\u00e9ctrica y su configuraci\u00f3n donde hemos podido ver como preparar un modelo y la configuraci\u00f3n necesaria, el tipo de familias que contiene o como trabajar&hellip;<\/p>\n<\/div>\r\n\r\n\t\t\t\t\t\t\t\t\t<div class=\"pd_pcf_readmore\">\r\n\t\t\t\t\t\t<a class=\"pd_pcf_readmore_link\" href=\"https:\/\/mascalagrimas.es\/dev-msi_old\/como-configurar-un-sistema-de-distribucion-electrico\/\">leer m\u00e1s<\/a>\r\n\t\t\t\t\t<\/div>\r\n\t\t\t\t\t\t\t<\/div>\r\n\t\t\r\n\t\t<\/div>\r\n\t<\/div>\r\n<\/div><div class=\"pd_pcf_item pd-pcf-col-3 acv-301 bim-11 consultoria-5 consultoria-bim-139 sostenibilidad-52 \">\r\n\t<div class=\"pd_pcf_single_item\">\r\n\t\t\t<div class=\"pd_pcf_thumbnail\">\r\n\t\t\t<a href=\"https:\/\/mascalagrimas.es\/dev-msi_old\/aplicacion-de-calculo-de-huella-de-carbono-en-un-modelo-bim-parte-i\/\">\r\n\t\t\t\t<img decoding=\"async\" src=\"https:\/\/mascalagrimas.es\/dev-msi_old\/wp-content\/uploads\/2021\/09\/Portada-300x300.jpg\" title=\"Portada\" alt=\"Portada\" \/>\t\t\t<\/a>\r\n\t\t<\/div>\r\n\t\t\t<div class=\"pd_pcf_content\">\r\n\r\n\t\t\t<div class=\"pd_pcf_title\">\r\n\t\t\t\t<h2><a href=\"https:\/\/mascalagrimas.es\/dev-msi_old\/aplicacion-de-calculo-de-huella-de-carbono-en-un-modelo-bim-parte-i\/\">Aplicaci\u00f3n de c\u00e1lculo de huella de carbono en un modelo BIM. Parte I<\/a><\/h2>\r\n\t\t\t<\/div>\r\n\r\n\t\t\t<div class=\"pd_pcf_description\">\r\n\r\n\t\t\t\t<div class=\"pd_pcf_text\"><p>El sector de la construcci\u00f3n (operaci\u00f3n y construcci\u00f3n) genera el 38% de las emisiones globales de CO2 relacionadas con la energ\u00eda\u00b9. En el a\u00f1o 1997, un conjunto de 84 pa\u00edses firm\u00f3 el \u201cProtocolo de Kyoto\u201d. Es un protocolo de la&hellip;<\/p>\n<\/div>\r\n\r\n\t\t\t\t\t\t\t\t\t<div class=\"pd_pcf_readmore\">\r\n\t\t\t\t\t\t<a class=\"pd_pcf_readmore_link\" href=\"https:\/\/mascalagrimas.es\/dev-msi_old\/aplicacion-de-calculo-de-huella-de-carbono-en-un-modelo-bim-parte-i\/\">leer m\u00e1s<\/a>\r\n\t\t\t\t\t<\/div>\r\n\t\t\t\t\t\t\t<\/div>\r\n\t\t\r\n\t\t<\/div>\r\n\t<\/div>\r\n<\/div><\/div>\t\t\t\t\t\t<div class=\"pd-pcf-load-btn\">\r\n\t\t\t\t\t\t\t<a class=\"pd_pcf_loadmore_btn\" href=\"#\" data-load_more=\"Cargar m\u00e1s\" data-loading_more=\"Cargando...\">\r\n\t\t\t\t\t\t\t\t<span class=\"pd_pcf_load_icon\">\r\n\t\t\t\t\t\t\t\t\t<i aria-hidden=\"true\" class=\"fas fa-spinner\"><\/i>\r\n\t\t\t\t\t\t\t\t<\/span>\r\n\t\t\t\t\t\t\t\t<span class=\"pd_pcf_loading_icon pd-pcf-d-none\">\r\n\t\t\t\t\t\t\t\t\t<i aria-hidden=\"true\" class=\"fas fa-spinner fa-spin\"><\/i>\r\n\t\t\t\t\t\t\t\t<\/span>\r\n\t\t\t\t\t\t\t\t<span class=\"pd-pcf-load-more-text\">Cargar m\u00e1s<\/span>\r\n\t\t\t\t\t\t\t<\/a>\r\n\t\t\t\t\t\t<\/div>\r\n\t\t\t<\/div>\t\t<\/div>\n\t\t\t\t<\/div>\n\t\t\t\t\t<\/div>\n\t\t<\/div>\n\t\t\t\t\t<\/div>\n\t\t<\/section>\n\t\t\t\t\t<\/div>\n\t\t<\/div>\n\t\t\t\t\t<\/div>\n\t\t<\/section>\n\t\t\t\t<\/div>\n\t\t","protected":false},"excerpt":{"rendered":"<p>CONSULTOR\u00cdA BIM show all Consultor\u00eda CDE seg\u00fan ISO 19650 La CDE o entorno com\u00fan de datos es un proceso y a la vez una soluci\u00f3n tecnol\u00f3gica, que nos permitir\u00e1 almacenar la informaci\u00f3n del proyecto para compartirla con nuestros colaboradores durante las diferentes fases del proyecto (garantizando la producci\u00f3n colaborativa&hellip; leer m\u00e1s C\u00f3mo traspasar la informaci\u00f3n&hellip; <a class=\"more-link\" href=\"https:\/\/mascalagrimas.es\/dev-msi_old\/aplicacion-de-calculo-de-huella-de-carbono-en-un-modelo-bim-parte-i\/\">Seguir leyendo <span class=\"screen-reader-text\">Aplicaci\u00f3n de c\u00e1lculo de huella de carbono en un modelo BIM. Parte I<\/span><\/a><\/p>\n","protected":false},"author":17,"featured_media":0,"parent":0,"menu_order":0,"comment_status":"closed","ping_status":"closed","template":"elementor_canvas","meta":{"rank_math_lock_modified_date":false,"_joinchat":[],"footnotes":""},"class_list":["post-36694","page","type-page","status-publish","hentry","entry"],"acf":[],"_links":{"self":[{"href":"https:\/\/mascalagrimas.es\/dev-msi_old\/wp-json\/wp\/v2\/pages\/36694"}],"collection":[{"href":"https:\/\/mascalagrimas.es\/dev-msi_old\/wp-json\/wp\/v2\/pages"}],"about":[{"href":"https:\/\/mascalagrimas.es\/dev-msi_old\/wp-json\/wp\/v2\/types\/page"}],"author":[{"embeddable":true,"href":"https:\/\/mascalagrimas.es\/dev-msi_old\/wp-json\/wp\/v2\/users\/17"}],"replies":[{"embeddable":true,"href":"https:\/\/mascalagrimas.es\/dev-msi_old\/wp-json\/wp\/v2\/comments?post=36694"}],"version-history":[{"count":0,"href":"https:\/\/mascalagrimas.es\/dev-msi_old\/wp-json\/wp\/v2\/pages\/36694\/revisions"}],"wp:attachment":[{"href":"https:\/\/mascalagrimas.es\/dev-msi_old\/wp-json\/wp\/v2\/media?parent=36694"}],"curies":[{"name":"wp","href":"https:\/\/api.w.org\/{rel}","templated":true}]}}