{"id":36677,"date":"2021-02-22T09:40:18","date_gmt":"2021-02-22T08:40:18","guid":{"rendered":"https:\/\/mascalagrimas.es\/dev-msi_old\/?page_id=36677"},"modified":"2023-10-31T11:00:03","modified_gmt":"2023-10-31T10:00:03","slug":"bim-en-obra","status":"publish","type":"page","link":"https:\/\/mascalagrimas.es\/dev-msi_old\/bim-en-obra\/","title":{"rendered":"bim en obra"},"content":{"rendered":"\t\t<div data-elementor-type=\"wp-page\" data-elementor-id=\"36677\" class=\"elementor elementor-36677\" data-elementor-post-type=\"page\">\n\t\t\t\t\t\t<section class=\"elementor-section elementor-top-section elementor-element elementor-element-60651a3 elementor-section-boxed elementor-section-height-default elementor-section-height-default\" data-id=\"60651a3\" data-element_type=\"section\" data-settings=\"{&quot;background_background&quot;:&quot;classic&quot;}\">\n\t\t\t\t\t\t\t<div class=\"elementor-background-overlay\"><\/div>\n\t\t\t\t\t\t\t<div class=\"elementor-container elementor-column-gap-default\">\n\t\t\t\t\t<div class=\"elementor-column elementor-col-100 elementor-top-column elementor-element elementor-element-f645164\" data-id=\"f645164\" data-element_type=\"column\">\n\t\t\t<div class=\"elementor-widget-wrap elementor-element-populated\">\n\t\t\t\t\t\t<div class=\"elementor-element elementor-element-32ce454 elementor-widget elementor-widget-heading\" data-id=\"32ce454\" data-element_type=\"widget\" data-widget_type=\"heading.default\">\n\t\t\t\t<div class=\"elementor-widget-container\">\n\t\t\t<style>\/*! elementor - v3.21.0 - 08-05-2024 *\/\n.elementor-heading-title{padding:0;margin:0;line-height:1}.elementor-widget-heading .elementor-heading-title[class*=elementor-size-]>a{color:inherit;font-size:inherit;line-height:inherit}.elementor-widget-heading .elementor-heading-title.elementor-size-small{font-size:15px}.elementor-widget-heading .elementor-heading-title.elementor-size-medium{font-size:19px}.elementor-widget-heading .elementor-heading-title.elementor-size-large{font-size:29px}.elementor-widget-heading .elementor-heading-title.elementor-size-xl{font-size:39px}.elementor-widget-heading .elementor-heading-title.elementor-size-xxl{font-size:59px}<\/style><h1 class=\"elementor-heading-title elementor-size-default\">BIM EN OBRA<\/h1>\t\t<\/div>\n\t\t\t\t<\/div>\n\t\t\t\t<div class=\"elementor-element elementor-element-78e1657 elementor-widget-divider--view-line elementor-widget elementor-widget-divider\" data-id=\"78e1657\" data-element_type=\"widget\" data-widget_type=\"divider.default\">\n\t\t\t\t<div class=\"elementor-widget-container\">\n\t\t\t<style>\/*! elementor - v3.21.0 - 08-05-2024 *\/\n.elementor-widget-divider{--divider-border-style:none;--divider-border-width:1px;--divider-color:#0c0d0e;--divider-icon-size:20px;--divider-element-spacing:10px;--divider-pattern-height:24px;--divider-pattern-size:20px;--divider-pattern-url:none;--divider-pattern-repeat:repeat-x}.elementor-widget-divider .elementor-divider{display:flex}.elementor-widget-divider .elementor-divider__text{font-size:15px;line-height:1;max-width:95%}.elementor-widget-divider .elementor-divider__element{margin:0 var(--divider-element-spacing);flex-shrink:0}.elementor-widget-divider .elementor-icon{font-size:var(--divider-icon-size)}.elementor-widget-divider .elementor-divider-separator{display:flex;margin:0;direction:ltr}.elementor-widget-divider--view-line_icon .elementor-divider-separator,.elementor-widget-divider--view-line_text .elementor-divider-separator{align-items:center}.elementor-widget-divider--view-line_icon .elementor-divider-separator:after,.elementor-widget-divider--view-line_icon .elementor-divider-separator:before,.elementor-widget-divider--view-line_text .elementor-divider-separator:after,.elementor-widget-divider--view-line_text .elementor-divider-separator:before{display:block;content:\"\";border-block-end:0;flex-grow:1;border-block-start:var(--divider-border-width) var(--divider-border-style) var(--divider-color)}.elementor-widget-divider--element-align-left .elementor-divider .elementor-divider-separator>.elementor-divider__svg:first-of-type{flex-grow:0;flex-shrink:100}.elementor-widget-divider--element-align-left .elementor-divider-separator:before{content:none}.elementor-widget-divider--element-align-left .elementor-divider__element{margin-left:0}.elementor-widget-divider--element-align-right .elementor-divider .elementor-divider-separator>.elementor-divider__svg:last-of-type{flex-grow:0;flex-shrink:100}.elementor-widget-divider--element-align-right .elementor-divider-separator:after{content:none}.elementor-widget-divider--element-align-right .elementor-divider__element{margin-right:0}.elementor-widget-divider--element-align-start .elementor-divider .elementor-divider-separator>.elementor-divider__svg:first-of-type{flex-grow:0;flex-shrink:100}.elementor-widget-divider--element-align-start .elementor-divider-separator:before{content:none}.elementor-widget-divider--element-align-start .elementor-divider__element{margin-inline-start:0}.elementor-widget-divider--element-align-end .elementor-divider .elementor-divider-separator>.elementor-divider__svg:last-of-type{flex-grow:0;flex-shrink:100}.elementor-widget-divider--element-align-end .elementor-divider-separator:after{content:none}.elementor-widget-divider--element-align-end .elementor-divider__element{margin-inline-end:0}.elementor-widget-divider:not(.elementor-widget-divider--view-line_text):not(.elementor-widget-divider--view-line_icon) .elementor-divider-separator{border-block-start:var(--divider-border-width) var(--divider-border-style) var(--divider-color)}.elementor-widget-divider--separator-type-pattern{--divider-border-style:none}.elementor-widget-divider--separator-type-pattern.elementor-widget-divider--view-line .elementor-divider-separator,.elementor-widget-divider--separator-type-pattern:not(.elementor-widget-divider--view-line) .elementor-divider-separator:after,.elementor-widget-divider--separator-type-pattern:not(.elementor-widget-divider--view-line) .elementor-divider-separator:before,.elementor-widget-divider--separator-type-pattern:not([class*=elementor-widget-divider--view]) .elementor-divider-separator{width:100%;min-height:var(--divider-pattern-height);-webkit-mask-size:var(--divider-pattern-size) 100%;mask-size:var(--divider-pattern-size) 100%;-webkit-mask-repeat:var(--divider-pattern-repeat);mask-repeat:var(--divider-pattern-repeat);background-color:var(--divider-color);-webkit-mask-image:var(--divider-pattern-url);mask-image:var(--divider-pattern-url)}.elementor-widget-divider--no-spacing{--divider-pattern-size:auto}.elementor-widget-divider--bg-round{--divider-pattern-repeat:round}.rtl .elementor-widget-divider .elementor-divider__text{direction:rtl}.e-con-inner>.elementor-widget-divider,.e-con>.elementor-widget-divider{width:var(--container-widget-width,100%);--flex-grow:var(--container-widget-flex-grow)}<\/style>\t\t<div class=\"elementor-divider\">\n\t\t\t<span class=\"elementor-divider-separator\">\n\t\t\t\t\t\t<\/span>\n\t\t<\/div>\n\t\t\t\t<\/div>\n\t\t\t\t<\/div>\n\t\t\t\t<div class=\"elementor-element elementor-element-0571b6f hfe-search-layout-icon elementor-widget elementor-widget-hfe-search-button\" data-id=\"0571b6f\" data-element_type=\"widget\" data-settings=\"{&quot;toggle_icon_size&quot;:{&quot;unit&quot;:&quot;px&quot;,&quot;size&quot;:20,&quot;sizes&quot;:[]},&quot;input_icon_size&quot;:{&quot;unit&quot;:&quot;px&quot;,&quot;size&quot;:250,&quot;sizes&quot;:[]},&quot;input_icon_size_tablet&quot;:{&quot;unit&quot;:&quot;px&quot;,&quot;size&quot;:&quot;&quot;,&quot;sizes&quot;:[]},&quot;input_icon_size_mobile&quot;:{&quot;unit&quot;:&quot;px&quot;,&quot;size&quot;:&quot;&quot;,&quot;sizes&quot;:[]},&quot;toggle_icon_size_tablet&quot;:{&quot;unit&quot;:&quot;px&quot;,&quot;size&quot;:&quot;&quot;,&quot;sizes&quot;:[]},&quot;toggle_icon_size_mobile&quot;:{&quot;unit&quot;:&quot;px&quot;,&quot;size&quot;:&quot;&quot;,&quot;sizes&quot;:[]}}\" data-widget_type=\"hfe-search-button.default\">\n\t\t\t\t<div class=\"elementor-widget-container\">\n\t\t\t\t\t<form class=\"hfe-search-button-wrapper\" role=\"search\" action=\"https:\/\/mascalagrimas.es\/dev-msi_old\" method=\"get\">\n\t\t\t\t\t\t<div class = \"hfe-search-icon-toggle\">\n\t\t\t\t<input placeholder=\"\" class=\"hfe-search-form__input\" type=\"search\" name=\"s\" title=\"Buscar\" value=\"\">\n\t\t\t\t<i class=\"fas fa-search\" aria-hidden=\"true\"><\/i>\n\t\t\t<\/div>\n\t\t\t\t\t<\/form>\n\t\t\t\t<\/div>\n\t\t\t\t<\/div>\n\t\t\t\t\t<\/div>\n\t\t<\/div>\n\t\t\t\t\t<\/div>\n\t\t<\/section>\n\t\t\t\t<section class=\"elementor-section elementor-top-section elementor-element elementor-element-975065e elementor-section-boxed elementor-section-height-default elementor-section-height-default\" data-id=\"975065e\" data-element_type=\"section\">\n\t\t\t\t\t\t<div class=\"elementor-container elementor-column-gap-default\">\n\t\t\t\t\t<div class=\"elementor-column elementor-col-100 elementor-top-column elementor-element elementor-element-e32de67\" data-id=\"e32de67\" data-element_type=\"column\">\n\t\t\t<div class=\"elementor-widget-wrap elementor-element-populated\">\n\t\t\t\t\t\t<div class=\"elementor-element elementor-element-6031cc2 btn-filtro elementor-widget elementor-widget-pd-pcf\" data-id=\"6031cc2\" data-element_type=\"widget\" data-widget_type=\"pd-pcf.default\">\n\t\t\t\t<div class=\"elementor-widget-container\">\n\t\t\t<div\r\n\t        \t\tclass=\"pd-pcf-container pd-pcf-column-type-default\"\r\n\t        \t\tid=\"wbel_pd_pcf_pd_pcf6031cc2\"\r\n\t        \t\tdata-columns_per_row=\"3\"\r\n\t        \t\tdata-post_types=\"post\"\r\n\t        \t\tdata-tax_query=\"{&quot;0&quot;:{&quot;taxonomy&quot;:&quot;category&quot;,&quot;field&quot;:&quot;term_id&quot;,&quot;terms&quot;:[&quot;6&quot;]},&quot;relation&quot;:&quot;OR&quot;}\"\r\n\t        \t\tdata-posts_per_page=\"9\"\r\n\t        \t\tdata-settings=\"{&quot;category_ids&quot;:[&quot;6&quot;],&quot;template_style&quot;:&quot;default&quot;,&quot;columns_per_row&quot;:3,&quot;read_more_text&quot;:&quot;leer m\\u00e1s&quot;,&quot;post_types&quot;:&quot;post&quot;,&quot;posts_per_page&quot;:9,&quot;thumbnail_size_size&quot;:&quot;medium&quot;,&quot;thumbnail_size_custom_dimension&quot;:null,&quot;display_image&quot;:&quot;yes&quot;,&quot;id&quot;:&quot;pd_pcf6031cc2&quot;}\"\r\n\t        \t>\t\r\n\t        \t<div class=\"wbel-pd-pcf-category-container pd-pcf-filter-button-group\">\r\n\t        \t\t\t\t\t\t\t  <a href=\"#\" class=\"pd-pcf-filter-btn\" data-filter=\"*\">Show All<\/a>\r\n\t\t\t\t\t    \t\t\t\t\t\t\t\t\t<a href=\"#\" class=\"pd-pcf-filter-btn\" data-filter=\".bim-en-obra-6\">BIM en Obra<\/a>\r\n\t\t\t\t\t\t\t  \t\r\n\t        \t<\/div>\r\n\t        <div\r\n\t\t        \t\tclass=\"wbel_pd_pcf_wrapper wbel_pd_pcf_default\"\r\n\t\t        \t><div class=\"pd_pcf_item pd-pcf-col-3 bim-en-obra-6 \">\r\n\t<div class=\"pd_pcf_single_item\">\r\n\t\t\t<div class=\"pd_pcf_thumbnail\">\r\n\t\t\t<a href=\"https:\/\/mascalagrimas.es\/dev-msi_old\/medicion-del-roi-en-proyectos-bim-metodos-y-beneficios\/\">\r\n\t\t\t\t<img decoding=\"async\" src=\"https:\/\/mascalagrimas.es\/dev-msi_old\/wp-content\/uploads\/2024\/04\/MSI-Blog-300x300.jpg\" title=\"proyecto bim\" alt=\"proyecto bim\" \/>\t\t\t<\/a>\r\n\t\t<\/div>\r\n\t\t\t<div class=\"pd_pcf_content\">\r\n\r\n\t\t\t<div class=\"pd_pcf_title\">\r\n\t\t\t\t<h2><a href=\"https:\/\/mascalagrimas.es\/dev-msi_old\/medicion-del-roi-en-proyectos-bim-metodos-y-beneficios\/\">Medici\u00f3n del ROI en proyectos BIM: m\u00e9todos y beneficios<\/a><\/h2>\r\n\t\t\t<\/div>\r\n\r\n\t\t\t<div class=\"pd_pcf_description\">\r\n\r\n\t\t\t\t<div class=\"pd_pcf_text\"><p>La medici\u00f3n ROI en proyectos BIM se ha vuelto fundamental con el paso de los a\u00f1os, ya que permite a las organizaciones comprender el impacto econ\u00f3mico y operativo de la adopci\u00f3n de esta metodolog\u00eda. En MSI Studio te explicamos los&hellip;<\/p>\n<\/div>\r\n\r\n\t\t\t\t\t\t\t\t\t<div class=\"pd_pcf_readmore\">\r\n\t\t\t\t\t\t<a class=\"pd_pcf_readmore_link\" href=\"https:\/\/mascalagrimas.es\/dev-msi_old\/medicion-del-roi-en-proyectos-bim-metodos-y-beneficios\/\">leer m\u00e1s<\/a>\r\n\t\t\t\t\t<\/div>\r\n\t\t\t\t\t\t\t<\/div>\r\n\t\t\r\n\t\t<\/div>\r\n\t<\/div>\r\n<\/div><div class=\"pd_pcf_item pd-pcf-col-3 bim-en-obra-6 \">\r\n\t<div class=\"pd_pcf_single_item\">\r\n\t\t\t<div class=\"pd_pcf_thumbnail\">\r\n\t\t\t<a href=\"https:\/\/mascalagrimas.es\/dev-msi_old\/tendencias-bim-lo-que-espera-a-la-industria-de-la-construccion\/\">\r\n\t\t\t\t<img decoding=\"async\" src=\"https:\/\/mascalagrimas.es\/dev-msi_old\/wp-content\/uploads\/2024\/04\/MSI-Blog-2-300x300.jpg\" title=\"tendencias bim\" alt=\"tendencias bim\" \/>\t\t\t<\/a>\r\n\t\t<\/div>\r\n\t\t\t<div class=\"pd_pcf_content\">\r\n\r\n\t\t\t<div class=\"pd_pcf_title\">\r\n\t\t\t\t<h2><a href=\"https:\/\/mascalagrimas.es\/dev-msi_old\/tendencias-bim-lo-que-espera-a-la-industria-de-la-construccion\/\">Tendencias BIM: Lo que espera a la industria de la construcci\u00f3n<\/a><\/h2>\r\n\t\t\t<\/div>\r\n\r\n\t\t\t<div class=\"pd_pcf_description\">\r\n\r\n\t\t\t\t<div class=\"pd_pcf_text\"><p>En un futuro cercano, se esperan nuevas tendencias BIM que revolucionar\u00e1n a\u00fan m\u00e1s la forma en que se dise\u00f1an, construyen y gestionan los proyectos de construcci\u00f3n. En Msi Studio te contamos sobre ellas y sobre c\u00f3mo se centran en aprovechar&hellip;<\/p>\n<\/div>\r\n\r\n\t\t\t\t\t\t\t\t\t<div class=\"pd_pcf_readmore\">\r\n\t\t\t\t\t\t<a class=\"pd_pcf_readmore_link\" href=\"https:\/\/mascalagrimas.es\/dev-msi_old\/tendencias-bim-lo-que-espera-a-la-industria-de-la-construccion\/\">leer m\u00e1s<\/a>\r\n\t\t\t\t\t<\/div>\r\n\t\t\t\t\t\t\t<\/div>\r\n\t\t\r\n\t\t<\/div>\r\n\t<\/div>\r\n<\/div><div class=\"pd_pcf_item pd-pcf-col-3 bim-en-obra-6 \">\r\n\t<div class=\"pd_pcf_single_item\">\r\n\t\t\t<div class=\"pd_pcf_thumbnail\">\r\n\t\t\t<a href=\"https:\/\/mascalagrimas.es\/dev-msi_old\/el-rol-de-bim-en-la-gestion-de-instalaciones\/\">\r\n\t\t\t\t<img decoding=\"async\" src=\"https:\/\/mascalagrimas.es\/dev-msi_old\/wp-content\/uploads\/2023\/11\/MSI-Blog-4-300x300.png\" title=\"bim en las instalaciones\" alt=\"bim en las instalaciones\" \/>\t\t\t<\/a>\r\n\t\t<\/div>\r\n\t\t\t<div class=\"pd_pcf_content\">\r\n\r\n\t\t\t<div class=\"pd_pcf_title\">\r\n\t\t\t\t<h2><a href=\"https:\/\/mascalagrimas.es\/dev-msi_old\/el-rol-de-bim-en-la-gestion-de-instalaciones\/\">El rol de BIM en la gesti\u00f3n de instalaciones<\/a><\/h2>\r\n\t\t\t<\/div>\r\n\r\n\t\t\t<div class=\"pd_pcf_description\">\r\n\r\n\t\t\t\t<div class=\"pd_pcf_text\"><p>El papel de la metodolog\u00eda BIM en la gesti\u00f3n de instalaciones es esencial a lo largo del ciclo de vida de un edificio o infraestructura. En MSI Studio te contamos todo lo que quieres saber al respecto, sigue leyendo. BIM&hellip;<\/p>\n<\/div>\r\n\r\n\t\t\t\t\t\t\t\t\t<div class=\"pd_pcf_readmore\">\r\n\t\t\t\t\t\t<a class=\"pd_pcf_readmore_link\" href=\"https:\/\/mascalagrimas.es\/dev-msi_old\/el-rol-de-bim-en-la-gestion-de-instalaciones\/\">leer m\u00e1s<\/a>\r\n\t\t\t\t\t<\/div>\r\n\t\t\t\t\t\t\t<\/div>\r\n\t\t\r\n\t\t<\/div>\r\n\t<\/div>\r\n<\/div><div class=\"pd_pcf_item pd-pcf-col-3 bim-en-obra-6 \">\r\n\t<div class=\"pd_pcf_single_item\">\r\n\t\t\t<div class=\"pd_pcf_thumbnail\">\r\n\t\t\t<a href=\"https:\/\/mascalagrimas.es\/dev-msi_old\/que-es-la-metodologia-bim-y-sus-beneficios-en-los-proyectos\/\">\r\n\t\t\t\t<img decoding=\"async\" src=\"https:\/\/mascalagrimas.es\/dev-msi_old\/wp-content\/uploads\/2023\/11\/MSI-Blog-3-300x300.png\" title=\"metodologia bim\" alt=\"metodologia bim\" \/>\t\t\t<\/a>\r\n\t\t<\/div>\r\n\t\t\t<div class=\"pd_pcf_content\">\r\n\r\n\t\t\t<div class=\"pd_pcf_title\">\r\n\t\t\t\t<h2><a href=\"https:\/\/mascalagrimas.es\/dev-msi_old\/que-es-la-metodologia-bim-y-sus-beneficios-en-los-proyectos\/\">\u00bfQu\u00e9 es la metodolog\u00eda BIM y sus beneficios en los proyectos?<\/a><\/h2>\r\n\t\t\t<\/div>\r\n\r\n\t\t\t<div class=\"pd_pcf_description\">\r\n\r\n\t\t\t\t<div class=\"pd_pcf_text\"><p>La metodolog\u00eda BIM es un enfoque de trabajo en la industria de la construcci\u00f3n que implica la creaci\u00f3n y gesti\u00f3n de modelos digitales inteligentes de edificios, infraestructuras y proyectos de construcci\u00f3n. En MSI Studio te contamos sobre lo que es,&hellip;<\/p>\n<\/div>\r\n\r\n\t\t\t\t\t\t\t\t\t<div class=\"pd_pcf_readmore\">\r\n\t\t\t\t\t\t<a class=\"pd_pcf_readmore_link\" href=\"https:\/\/mascalagrimas.es\/dev-msi_old\/que-es-la-metodologia-bim-y-sus-beneficios-en-los-proyectos\/\">leer m\u00e1s<\/a>\r\n\t\t\t\t\t<\/div>\r\n\t\t\t\t\t\t\t<\/div>\r\n\t\t\r\n\t\t<\/div>\r\n\t<\/div>\r\n<\/div><div class=\"pd_pcf_item pd-pcf-col-3 bim-en-obra-6 \">\r\n\t<div class=\"pd_pcf_single_item\">\r\n\t\t\t<div class=\"pd_pcf_thumbnail\">\r\n\t\t\t<a href=\"https:\/\/mascalagrimas.es\/dev-msi_old\/edificios-inteligentes-bim\/\">\r\n\t\t\t\t<img decoding=\"async\" src=\"https:\/\/mascalagrimas.es\/dev-msi_old\/wp-content\/uploads\/2023\/10\/MSI-Blog-2-300x300.png\" title=\"edificios inteligentes con BIM\" alt=\"edificios inteligentes con BIM\" \/>\t\t\t<\/a>\r\n\t\t<\/div>\r\n\t\t\t<div class=\"pd_pcf_content\">\r\n\r\n\t\t\t<div class=\"pd_pcf_title\">\r\n\t\t\t\t<h2><a href=\"https:\/\/mascalagrimas.es\/dev-msi_old\/edificios-inteligentes-bim\/\">Construcci\u00f3n de edificios inteligentes con BIM<\/a><\/h2>\r\n\t\t\t<\/div>\r\n\r\n\t\t\t<div class=\"pd_pcf_description\">\r\n\r\n\t\t\t\t<div class=\"pd_pcf_text\"><p>La construcci\u00f3n de edificios inteligentes con BIM est\u00e1 redefiniendo la forma en que se conciben, dise\u00f1an y desarrollan las estructuras en la industria. En MSI Studio lo sabemos, por lo que te contamos m\u00e1s sobre el uso de esta metodolog\u00eda,&hellip;<\/p>\n<\/div>\r\n\r\n\t\t\t\t\t\t\t\t\t<div class=\"pd_pcf_readmore\">\r\n\t\t\t\t\t\t<a class=\"pd_pcf_readmore_link\" href=\"https:\/\/mascalagrimas.es\/dev-msi_old\/edificios-inteligentes-bim\/\">leer m\u00e1s<\/a>\r\n\t\t\t\t\t<\/div>\r\n\t\t\t\t\t\t\t<\/div>\r\n\t\t\r\n\t\t<\/div>\r\n\t<\/div>\r\n<\/div><div class=\"pd_pcf_item pd-pcf-col-3 bim-en-obra-6 \">\r\n\t<div class=\"pd_pcf_single_item\">\r\n\t\t\t<div class=\"pd_pcf_thumbnail\">\r\n\t\t\t<a href=\"https:\/\/mascalagrimas.es\/dev-msi_old\/bim-y-realidad-virtual-la-combinacion-perfecta-para-la-visualizacion-de-proyectos\/\">\r\n\t\t\t\t<img decoding=\"async\" src=\"https:\/\/mascalagrimas.es\/dev-msi_old\/wp-content\/uploads\/2023\/10\/MSI-Blog-300x300.png\" title=\"bim y realidad virtual\" alt=\"bim y realidad virtual\" \/>\t\t\t<\/a>\r\n\t\t<\/div>\r\n\t\t\t<div class=\"pd_pcf_content\">\r\n\r\n\t\t\t<div class=\"pd_pcf_title\">\r\n\t\t\t\t<h2><a href=\"https:\/\/mascalagrimas.es\/dev-msi_old\/bim-y-realidad-virtual-la-combinacion-perfecta-para-la-visualizacion-de-proyectos\/\">BIM y Realidad Virtual: La Combinaci\u00f3n Perfecta para la visualizaci\u00f3n de Proyectos<\/a><\/h2>\r\n\t\t\t<\/div>\r\n\r\n\t\t\t<div class=\"pd_pcf_description\">\r\n\r\n\t\t\t\t<div class=\"pd_pcf_text\"><p>La sinergia entre BIM y Realidad Virtual ofrece numerosos beneficios que mejoran significativamente la planificaci\u00f3n, dise\u00f1o y ejecuci\u00f3n de proyectos. A continuaci\u00f3n, exploramos c\u00f3mo esta fusi\u00f3n de tecnolog\u00edas se ha convertido en la herramienta ideal para lograr mejores resultados. La&hellip;<\/p>\n<\/div>\r\n\r\n\t\t\t\t\t\t\t\t\t<div class=\"pd_pcf_readmore\">\r\n\t\t\t\t\t\t<a class=\"pd_pcf_readmore_link\" href=\"https:\/\/mascalagrimas.es\/dev-msi_old\/bim-y-realidad-virtual-la-combinacion-perfecta-para-la-visualizacion-de-proyectos\/\">leer m\u00e1s<\/a>\r\n\t\t\t\t\t<\/div>\r\n\t\t\t\t\t\t\t<\/div>\r\n\t\t\r\n\t\t<\/div>\r\n\t<\/div>\r\n<\/div><div class=\"pd_pcf_item pd-pcf-col-3 bim-en-obra-6 facility-management-8 \">\r\n\t<div class=\"pd_pcf_single_item\">\r\n\t\t\t<div class=\"pd_pcf_thumbnail\">\r\n\t\t\t<a href=\"https:\/\/mascalagrimas.es\/dev-msi_old\/gediav-h2o-gemelos-avanzados-en-depuradoras-de-agua\/\">\r\n\t\t\t\t<img decoding=\"async\" src=\"https:\/\/mascalagrimas.es\/dev-msi_old\/wp-content\/uploads\/2023\/03\/MSI-Blog-1-300x300.png\" title=\"GEDIAV H2O\" alt=\"GEDIAV H2O\" \/>\t\t\t<\/a>\r\n\t\t<\/div>\r\n\t\t\t<div class=\"pd_pcf_content\">\r\n\r\n\t\t\t<div class=\"pd_pcf_title\">\r\n\t\t\t\t<h2><a href=\"https:\/\/mascalagrimas.es\/dev-msi_old\/gediav-h2o-gemelos-avanzados-en-depuradoras-de-agua\/\">GEDIAV H2O Gemelos avanzados en Depuradoras de agua<\/a><\/h2>\r\n\t\t\t<\/div>\r\n\r\n\t\t\t<div class=\"pd_pcf_description\">\r\n\r\n\t\t\t\t<div class=\"pd_pcf_text\"><p>Los \"gemelos digitales\" se est\u00e1n convirtiendo en una tecnolog\u00eda emergente muy extendida en varias industrias, estando intr\u00ednsecamente vinculados con otros t\u00e9rminos en auge como la Industria 4.0 y los sistemas ciberf\u00edsicos. Seg\u00fan Gartner, se anticipa que las grandes corporaciones industriales&hellip;<\/p>\n<\/div>\r\n\r\n\t\t\t\t\t\t\t\t\t<div class=\"pd_pcf_readmore\">\r\n\t\t\t\t\t\t<a class=\"pd_pcf_readmore_link\" href=\"https:\/\/mascalagrimas.es\/dev-msi_old\/gediav-h2o-gemelos-avanzados-en-depuradoras-de-agua\/\">leer m\u00e1s<\/a>\r\n\t\t\t\t\t<\/div>\r\n\t\t\t\t\t\t\t<\/div>\r\n\t\t\r\n\t\t<\/div>\r\n\t<\/div>\r\n<\/div><div class=\"pd_pcf_item pd-pcf-col-3 bim-11 bim-en-obra-6 bimenobra-260 consultoria-5 consultoria-bim-139 ingenieria-270 navisworks-13 \">\r\n\t<div class=\"pd_pcf_single_item\">\r\n\t\t\t<div class=\"pd_pcf_thumbnail\">\r\n\t\t\t<a href=\"https:\/\/mascalagrimas.es\/dev-msi_old\/automatizacion-del-estudio-de-colisiones-en-navisworks\/\">\r\n\t\t\t\t<img decoding=\"async\" src=\"https:\/\/mascalagrimas.es\/dev-msi_old\/wp-content\/uploads\/2021\/06\/Portada-post-Jose-300x300.jpg\" title=\"Portada post Jose\" alt=\"Portada post Jose\" \/>\t\t\t<\/a>\r\n\t\t<\/div>\r\n\t\t\t<div class=\"pd_pcf_content\">\r\n\r\n\t\t\t<div class=\"pd_pcf_title\">\r\n\t\t\t\t<h2><a href=\"https:\/\/mascalagrimas.es\/dev-msi_old\/automatizacion-del-estudio-de-colisiones-en-navisworks\/\">Automatizaci\u00f3n del estudio de colisiones en NAVISWORKS<\/a><\/h2>\r\n\t\t\t<\/div>\r\n\r\n\t\t\t<div class=\"pd_pcf_description\">\r\n\r\n\t\t\t\t<div class=\"pd_pcf_text\"><p>En anteriores entradas vimos otras funcionalidades de Navisworks, como son la cuantificaci\u00f3n y planificaci\u00f3n de modelos BIM. Encontramos un post relacionado con ello en: C\u00f3mo crear una simulaci\u00f3n 4D con Revit y Project desde Navisworks. En el post de hoy&hellip;<\/p>\n<\/div>\r\n\r\n\t\t\t\t\t\t\t\t\t<div class=\"pd_pcf_readmore\">\r\n\t\t\t\t\t\t<a class=\"pd_pcf_readmore_link\" href=\"https:\/\/mascalagrimas.es\/dev-msi_old\/automatizacion-del-estudio-de-colisiones-en-navisworks\/\">leer m\u00e1s<\/a>\r\n\t\t\t\t\t<\/div>\r\n\t\t\t\t\t\t\t<\/div>\r\n\t\t\r\n\t\t<\/div>\r\n\t<\/div>\r\n<\/div><div class=\"pd_pcf_item pd-pcf-col-3 bim-11 bim-en-obra-6 mediciones-68 navis-247 navisworks-13 presupuestos-69 revit-22 virtualtakeoff-246 \">\r\n\t<div class=\"pd_pcf_single_item\">\r\n\t\t\t<div class=\"pd_pcf_thumbnail\">\r\n\t\t\t<a href=\"https:\/\/mascalagrimas.es\/dev-msi_old\/como-medir-elementos-virtuales\/\">\r\n\t\t\t\t<img decoding=\"async\" src=\"https:\/\/mascalagrimas.es\/dev-msi_old\/wp-content\/uploads\/2021\/05\/Post-Jose-300x300.jpg\" title=\"Post Jose\" alt=\"Post Jose\" \/>\t\t\t<\/a>\r\n\t\t<\/div>\r\n\t\t\t<div class=\"pd_pcf_content\">\r\n\r\n\t\t\t<div class=\"pd_pcf_title\">\r\n\t\t\t\t<h2><a href=\"https:\/\/mascalagrimas.es\/dev-msi_old\/como-medir-elementos-virtuales\/\">\u00bfC\u00f3mo medir elementos virtuales?<\/a><\/h2>\r\n\t\t\t<\/div>\r\n\r\n\t\t\t<div class=\"pd_pcf_description\">\r\n\r\n\t\t\t\t<div class=\"pd_pcf_text\"><p>En anteriores entradas vimos c\u00f3mo tomar Mediciones BIM en el entorno de obra, detallamos los distintos niveles de medici\u00f3n los cuales tom\u00e1bamos como referencia para realizar la medici\u00f3n de los distintos elementos del modelo. Vimos como ten\u00edamos un nivel 4&hellip;<\/p>\n<\/div>\r\n\r\n\t\t\t\t\t\t\t\t\t<div class=\"pd_pcf_readmore\">\r\n\t\t\t\t\t\t<a class=\"pd_pcf_readmore_link\" href=\"https:\/\/mascalagrimas.es\/dev-msi_old\/como-medir-elementos-virtuales\/\">leer m\u00e1s<\/a>\r\n\t\t\t\t\t<\/div>\r\n\t\t\t\t\t\t\t<\/div>\r\n\t\t\r\n\t\t<\/div>\r\n\t<\/div>\r\n<\/div><\/div>\t\t\t\t\t\t<div class=\"pd-pcf-load-btn\">\r\n\t\t\t\t\t\t\t<a class=\"pd_pcf_loadmore_btn\" href=\"#\" data-load_more=\"Cargar m\u00e1s\" data-loading_more=\"Cargando...\">\r\n\t\t\t\t\t\t\t\t<span class=\"pd_pcf_load_icon\">\r\n\t\t\t\t\t\t\t\t\t<i aria-hidden=\"true\" class=\"fas fa-spinner\"><\/i>\r\n\t\t\t\t\t\t\t\t<\/span>\r\n\t\t\t\t\t\t\t\t<span class=\"pd_pcf_loading_icon pd-pcf-d-none\">\r\n\t\t\t\t\t\t\t\t\t<i aria-hidden=\"true\" class=\"fas fa-spinner fa-spin\"><\/i>\r\n\t\t\t\t\t\t\t\t<\/span>\r\n\t\t\t\t\t\t\t\t<span class=\"pd-pcf-load-more-text\">Cargar m\u00e1s<\/span>\r\n\t\t\t\t\t\t\t<\/a>\r\n\t\t\t\t\t\t<\/div>\r\n\t\t\t<\/div>\t\t<\/div>\n\t\t\t\t<\/div>\n\t\t\t\t\t<\/div>\n\t\t<\/div>\n\t\t\t\t\t<\/div>\n\t\t<\/section>\n\t\t\t\t<\/div>\n\t\t","protected":false},"excerpt":{"rendered":"<p>BIM EN OBRA show all BIM en Obra Automatizaci\u00f3n del estudio de colisiones en NAVISWORKS En anteriores entradas vimos otras funcionalidades de Navisworks, como son la cuantificaci\u00f3n y planificaci\u00f3n de modelos BIM. Encontramos un post relacionado con ello en: C\u00f3mo crear una simulaci\u00f3n 4D con Revit y Project desde Navisworks. En el post de hoy&hellip;&hellip; <a class=\"more-link\" href=\"https:\/\/mascalagrimas.es\/dev-msi_old\/como-medir-elementos-virtuales\/\">Seguir leyendo <span class=\"screen-reader-text\">\u00bfC\u00f3mo medir elementos virtuales?<\/span><\/a><\/p>\n","protected":false},"author":17,"featured_media":0,"parent":0,"menu_order":0,"comment_status":"closed","ping_status":"closed","template":"elementor_canvas","meta":{"rank_math_lock_modified_date":false,"_joinchat":[],"footnotes":""},"class_list":["post-36677","page","type-page","status-publish","hentry","entry"],"acf":[],"_links":{"self":[{"href":"https:\/\/mascalagrimas.es\/dev-msi_old\/wp-json\/wp\/v2\/pages\/36677"}],"collection":[{"href":"https:\/\/mascalagrimas.es\/dev-msi_old\/wp-json\/wp\/v2\/pages"}],"about":[{"href":"https:\/\/mascalagrimas.es\/dev-msi_old\/wp-json\/wp\/v2\/types\/page"}],"author":[{"embeddable":true,"href":"https:\/\/mascalagrimas.es\/dev-msi_old\/wp-json\/wp\/v2\/users\/17"}],"replies":[{"embeddable":true,"href":"https:\/\/mascalagrimas.es\/dev-msi_old\/wp-json\/wp\/v2\/comments?post=36677"}],"version-history":[{"count":0,"href":"https:\/\/mascalagrimas.es\/dev-msi_old\/wp-json\/wp\/v2\/pages\/36677\/revisions"}],"wp:attachment":[{"href":"https:\/\/mascalagrimas.es\/dev-msi_old\/wp-json\/wp\/v2\/media?parent=36677"}],"curies":[{"name":"wp","href":"https:\/\/api.w.org\/{rel}","templated":true}]}}